t**2 + 5*t + 139. Calculate y(14).
13
Let m(u) = -4*u**2 - 4*u - 28. Give m(6).
-196
Let k(b) = b**3 - 65*b**2 - 137*b + 279. What is k(67)?
78
Let u(k) = -49*k + 26. Determine u(3).
-121
Let l(b) = -b**3 - 42*b**2 + 684*b - 1712. Give l(-55).
-7
Let t(u) = 29*u + 63. Give t(-6).
-111
Let f(a) = 2*a**3 + 26*a**2 - 39*a - 70. Calculate f(-14).
84
Let w(a) = -a**3 - 12*a**2 - 19*a + 39. Determine w(-10).
29
Let d(i) = i**3 - 44*i**2 + 4*i + 142. What is d(44)?
318
Let a(b) = -b**2 + 151*b - 1367. Determine a(10).
43
Let a(h) = 3310*h - 3296. Give a(1).
14
Let v(w) = 2*w**2 - 136*w - 272. Give v(70).
8
Let q(f) = -2*f**2 - 7. Calculate q(6).
-79
Let f(l) = -6*l**3 - 21*l**2 + l + 67. Calculate f(-2).
29
Let b(r) = -r**3 + 25*r**2 - 100*r + 652. What is b(22)?
-96
Let b(w) = -275*w - 7968. What is b(-29)?
7
Let z(i) = -i**3 + 13*i**2 + 20*i - 27. Determine z(13).
233
Let q(a) = -2*a**2 + 24*a - 9. What is q(12)?
-9
Let r(g) = -2*g**2 + 228*g - 695. Give r(3).
-29
Let d(i) = 28*i + 330. Calculate d(-9).
78
Let g(m) = 35*m - 580. Give g(16).
-20
Let k(g) = 322*g + 18051. Give k(-56).
19
Let s(t) = -t**3 - 10*t**2 - 18*t + 18. Calculate s(-5).
-17
Let u(m) = -6*m - 100. Give u(-6).
-64
Let b(w) = -w**3 + 94*w**2 - 260*w - 1185. Determine b(91).
-2
Let q(k) = 2*k**2 + 33*k + 68. What is q(-5)?
-47
Let b(y) = 9*y - 97. What is b(10)?
-7
Let x(t) = 92*t + 779. Give x(-10).
-141
Let c(p) = p**2 + 29*p + 123. Determine c(-22).
-31
Let b(o) = o**2 - 7*o - 17. Give b(-9).
127
Let q(y) = -y**3 - 53*y**2 + 236*y + 452. Calculate q(-57).
-4
Let v(f) = f**2 - 24*f - 129. What is v(30)?
51
Let n(u) = u**3 - 28*u**2 + 173*u + 2. Give n(7).
184
Let v(y) = -6701*y - 241239. Calculate v(-36).
-3
Let i(v) = 8*v - 97. What is i(4)?
-65
Let w(k) = -k**2 - 891*k - 3544. What is w(-4)?
4
Let q(d) = -d**3 + 18*d**2 - 44*d - 3. Determine q(15).
12
Let h(a) = -a**3 + 29*a**2 - 146*a - 19. What is h(20)?
661
Let t(u) = u**3 - 30*u**2 + 9*u + 561. What is t(29)?
-19
Let z(g) = -48*g**2 + 2499*g - 204. Give z(52).
-48
Let b(j) = -j**2 - 10*j - 33. Give b(-8).
-17
Let m(b) = 26*b + 674. Give m(-45).
-496
Let j(v) = 3*v**3 - v**2 + 33*v + 64. What is j(-2)?
-30
Let a(j) = -58*j**2 - 402*j + 39. Give a(-7).
11
Let f(p) = -31*p + 758. Give f(16).
262
Let r(t) = -55*t**2 - 2036*t - 64. Calculate r(-37).
-27
Let n(x) = 2476*x - 14767. Give n(6).
89
Let g(q) = -8*q**3 - 160*q**2 - 407*q + 18. What is g(-17)?
1
Let m(p) = -p**2 - 53*p - 670. Give m(-18).
-40
Let b(k) = 136*k + 889. Give b(-7).
-63
Let y(s) = -s**3 + 15*s**2 - 55*s + 32. What is y(10)?
-18
Let b(x) = -232*x + 3993. Give b(17).
49
Let i(q) = q**3 + 16*q**2 + 31*q - 54. What is i(-13)?
50
Let z(q) = -q**3 + 69*q**2 - 194*q - 243. What is z(66)?
21
Let x(s) = -9*s**2 + 26*s + 267. Determine x(7).
8
Let a(j) = j**3 - 4*j**2 - 57*j - 365. Determine a(-6).
-383
Let l(u) = u**3 - 13*u**2 - 54*u - 178. What is l(17)?
60
Let w(a) = 106*a - 106. Give w(1).
0
Let u(c) = 2*c**3 + 191*c**2 + 97*c + 203. What is u(-95)?
13
Let r(a) = a**3 + 35*a**2 + 128*a + 94. Give r(-31).
-30
Let p(w) = w**3 + 20*w**2 + 47*w - 53. What is p(-17)?
15
Let i(k) = 66*k**2 + 3*k + 3. What is i(2)?
273
Let o(c) = 6*c**3 - 21*c**2 + 73*c - 1. What is o(3)?
191
Let q(g) = 5*g**3 - 3*g**2 - g + 1. What is q(0)?
1
Let w(a) = 17*a**3 - 2*a**2 - 8*a + 10. Give w(1).
17
Let o(w) = 660*w - 9204. Give o(14).
36
Let v(i) = 10*i - 237. Calculate v(-9).
-327
Let v(r) = 56*r - 36. Calculate v(2).
76
Let j(g) = 141*g - 22831. What is j(162)?
11
Let x(z) = 6*z**2 + 35*z + 35. What is x(-4)?
-9
Let q(j) = -13*j**2 + 233*j + 3. Give q(18).
-15
Let c(t) = -5*t**2 + 110*t - 603. Give c(12).
-3
Let p(q) = 27*q**2 - 819*q - 2378. Determine p(33).
-2
Let t(z) = -306*z - 17. Calculate t(1).
-323
Let x(n) = -131*n - 4582. Determine x(-35).
3
Let g(u) = -2*u**2 - 38*u - 171. Give g(-5).
-31
Let b(n) = 98*n - 713. Give b(7).
-27
Let a(d) = -1365*d + 42318. Calculate a(31).
3
Let z(v) = -v**3 - 4*v**2 - 2*v - 19. Give z(-5).
16
Let x(w) = -w**3 - 22*w**2 - 8*w - 700. Determine x(-23).
13
Let c(k) = 29*k + 107. Determine c(-15).
-328
Let t(i) = 3*i**2 + 112*i + 191. Give t(-35).
-54
Let p(g) = 3*g**3 + 29*g**2 + 30*g + 126. Give p(-9).
18
Let g(c) = c**3 + 8*c**2 - 175*c - 893. What is g(-5)?
57
Let x(j) = j**2 + 27*j - 5. Give x(-31).
119
Let l(y) = 9*y + 199. What is l(-22)?
1
Let n(a) = 532*a - 3179. Determine n(6).
13
Let x(q) = -q**3 + 22*q**2 - 96*q + 57. What is x(17)?
-130
Let d(z) = 345*z + 86. Calculate d(1).
431
Let x(k) = -11*k + 179. What is x(-32)?
531
Let x(w) = -5*w**3 - 151*w**2 + 295*w + 22. Give x(2).
-32
Let b(t) = 3*t**2 - 31*t - 71. Determine b(-3).
49
Let k(c) = -c**3 + 11*c**2 - 10*c - 12. Determine k(9).
60
Let g(v) = -5*v**3 - 137*v**2 + 46*v + 2689. Determine g(-27).
-11
Let o(m) = -m**3 - 11*m**2 - m + 28. Calculate o(-11).
39
Let f(v) = -10*v**3 + 69*v**2 - 2*v + 69. What is f(7)?
6
Let h(d) = 3*d**2 + 89*d + 316. Give h(-4).
8
Let u(c) = -4*c**2 - 62*c + 4158. Determine u(-41).
-24
Let t(d) = -32*d**2 - 24*d + 7. Determine t(-1).
-1
Let z(m) = -m**3 + 45*m**2 + 87*m + 342. Determine z(47).
13
Let t(c) = -25*c**2 + 7*c. Give t(3).
-204
Let i(z) = -51*z**2 + 613*z - 570. Give i(11).
2
Let i(t) = t**3 - 12*t**2 + 3*t - 20. Calculate i(8).
-252
Let s(a) = a**3 + 12*a**2 - 16*a - 39. What is s(-13)?
0
Let t(z) = -7*z**2 + 195*z - 338. Determine t(26).
0
Let o(a) = a**3 - 109*a**2 - 6*a + 609. What is o(109)?
-45
Let p(w) = -w**2 - 34*w + 428. Calculate p(-45).
-67
Let x(i) = -16*i**2 - 8*i - 13. Calculate x(-2).
-61
Let a(r) = 2*r**2 + 36*r + 56. Give a(-15).
-34
Let r(y) = 25*y + 36. What is r(-1)?
11
Let g(x) = -74*x + 195. What is g(4)?
-101
Let f(z) = -50*z - 905. Determine f(-18).
-5
Let b(n) = n**3 + 11*n**2 + 18*n + 2. What is b(-2)?
2
Let l(h) = -h**3 + 89*h**2 + 182*h - 94. Determine l(91).
-94
Let x(f) = -7650*f + 53529. Determine x(7).
-21
Let g(p) = p**2 - 33*p + 87. What is g(24)?
-129
Let t(n) = -2*n**2 - n + 122. Give t(23).
-959
Let d(f) = -f**3 - 86*f**2 + f + 3. What is d(0)?
3
Let f(c) = 10*c**2 - 127*c + 97. Calculate f(12).
13
Let t(g) = -g**3 - 356*g**2 - 1065*g - 2107. Give t(-353).
11
Let l(m) = -2*m**2 - 10*m + 16. Determine l(-9).
-56
Let o(v) = -v**3 + 6*v**2 + 22*v - 60. Calculate o(7).
45
Let b(v) = -104*v + 409. Determine b(4).
-7
Let j(w) = -2*w**3 - 68*w**2 - 201*w - 460. What is j(-31)?
5
Let i(p) = -38*p - 515. Give i(-11).
-97
Let y(x) = -47*x + 205. What is y(0)?
205
Let f(s) = -17*s**2 + 28*s - 142. What is f(6)?
-586
Let x(b) = 7*b + 31. Determine x(-4).
3
Let d(s) = -13*s + 124. Calculate d(10).
-6
Let q(d) = d**2 + 40*d - 69. Calculate q(-42).
15
Let c(q) = 2*q. Determine c(-13).
-26
Let r(l) = -l**2 + 20*l - 79. Determine r(13).
12
Let p(c) = 1304*c - 9012. Determine p(7).
116
Let x(b) = -5*b**2 + 386*b + 4268. Determine x(87).
5
Let l(k) = 2*k**3 - 207*k**2 - 112*k + 991. Determine l(104).
159
Let f(k) = 60*k + 20. What is f(-4)?
-220
Let c(h) = h**3 + 16*h**2 + 13*h - 43. Give c(-14).
167
Let n(r) = 87*r**2 + 608*r. Calculate n(-7).
7
Let s(f) = f**3 + 9*f**2 - 9*f - 132. What is s(-7)?
29
Let h(x) = 8*x**2 + 738*x + 4933. Give h(-85).
3
Let j(m) = -m**3 + 6*m**2 - 17*m + 21. Determine j(3).
-3
Let s(h) = 54*h + 406. Give s(-7).
28
Let d(a) = 15862*a + 31729. Determine d(-2).
5
Let k(b) = -61*b - 5067. Determine k(-84).
57
Let c(d) = d**3 - d**2 - 8*d + 27. Determine c(3).
21
Let w(c) = -604*c - 4224. Give w(-7).
4
Let c(a) = 161*a - 12. Determine c(0).
-12
Let c(q) = -2*q**3 + 47*q**2 - 66*q + 69. Calculate c(22).
69
Let g(j) = -j**3 - 6*j**2 + 31*j - 3. What is g(-9)?
-39
Let i(c) = c**2 + 17*c - 143. Give i(-20).
-83
Let c(o) = 2048*o + 41. Give c(0).
41
Let c(r) = 16*r + 522. Calculate c(-32).
10
Let a(q) = -43*q - 130. Give a(-4).
42
Let m(y) = 38*y + 523. Calculate m(-14).
-9
Let p(t) = 24*t**2 - 18*t + 17. Give p(2).
77
Let w(a) = a**2 - 427*a + 16511. Calculate w(43).
-1
Let m(s) = 2*s**3 - 128*s**2 + 580*s + 595. What is m(59)?
5
Let b(h) = 5*h**2 - 43*h + 97. Calculate b(5).
7
Let f(n) = -3*n**2 + 37*n + 102. Give f(15).
-18
Let d(h) = -3*h + 204. Calculate d(47).
63
Let i(n) = n**2 + 180*n + 2629. Calculate i(-17).
-142
Let d(i) = -72*i + 4457. Give d(62).
-7
Let t(f) = -3358*f - 10119. Calculate 